f and 5665.
55
Let y(m) be the first derivative of 4*m**3/3 - 7*m**2/2 - 21*m - 153. Let z be y(-3). Calculate the greatest common divisor of 18 and z.
18
Let w = -6915 - -6917. What is the highest common divisor of w and 256?
2
Let q(g) = 12*g - 15. Let z be q(2). Suppose z*s = 11*s - 16. What is the greatest common factor of s and 88?
8
Suppose -3*y = -2*t, -y = -2*y + 2. Let j(l) = 30*l - 48. Let f be j(t). Let o(i) = i**2 + i - 2. Let s be o(-6). What is the greatest common factor of f and s?
14
Suppose -1165 = -59*u + 47 + 322. Let x be -43*(-6)/(6/13). Calculate the greatest common divisor of x and u.
13
Suppose -191 = -p + m, 4*m = 21*p - 16*p - 956. Suppose 161*i = 165*i - p. What is the highest common divisor of i and 216?
24
Let h(q) = 2*q - 6. Let y be h(5). Suppose -y*f - 4 - 26 = -2*l, 0 = 3*f + 6. Suppose 7*p - 2*p = 440. What is the highest common factor of l and p?
11
Suppose -866 = -j - 4*j + 3489. Calculate the greatest common divisor of j and 13.
13
Let d be (-3)/(2 - 125/55). Suppose 11*f = 330 + d. Calculate the highest common factor of f and 341.
31
Suppose 20*u + 5*k = 17*u + 32119, -2*k - 14 = 0. What is the highest common divisor of u and 46?
46
Let o(d) = d**3 - 40*d**2 + 2*d - 64. Let u be o(40). Let m = -367 + 371. What is the highest common divisor of u and m?
4
Let s = -3038 + 7145. Calculate the highest common divisor of s and 111.
111
Let d(h) = -5*h + 13. Let o be d(-9). Suppose -3*k = -5*k + 108. Let c = o - k. Calculate the highest common factor of 28 and c.
4
Let g = 9728 - 3264. Calculate the greatest common factor of 64 and g.
64
Suppose 0 = -s + 2*s + 4*v - 146, 3*s - 477 = v. Suppose 3*a + 38 = s. Suppose -4*b + 1200 = 26*b. Calculate the greatest common factor of b and a.
40
Let p be ((-1)/(-6))/(261/(-54) - -5). Let b be 14 + (0 - p)*-6. What is the highest common factor of b and 12?
4
Let u = -177 - 332. Let a = u - -761. What is the highest common divisor of a and 36?
36
Suppose 23*z - 4*z = 53922. Suppose -3762 - z = -12*y. Calculate the highest common divisor of y and 22.
22
Let r(a) = 7*a**3 - 3*a**2 + 46*a - 147. Let w be r(3). What is the greatest common factor of 2907 and w?
153
Let v be (-1 - -3) + -3 + 4. Suppose 4*k + 2*z = 38, 2*z + 10 = -k + v*k. Calculate the greatest common divisor of k and 28.
4
Let k(w) = w**3 - 8*w**2 + 3*w + 18. Let b be k(0). What is the highest common factor of b and 2547?
9
Suppose -2051 = 20*q - 13*q. Let g = -255 - q. Calculate the highest common divisor of g and 38.
38
Suppose -d - 4 = 3*l, 2*l = d + 4*l. Suppose 2*w = 9 + 7. Calculate the greatest common factor of w and d.
8
Let i(b) = 2*b**3 + 28*b**2 + 3*b + 41. Let t be i(-14). Let r be 178/3 - t*(-4)/12. Calculate the highest common factor of r and 531.
59
Let k = -1058 + 1244. Calculate the greatest common divisor of 54 and k.
6
Suppose g = 4, 5*w - 86 = -3*g - g. Let r be 198/693 - -22*1228/w. Calculate the highest common factor of r and 10.
10
Let w(q) = -69*q + 2. Let u be w(-3). Let j(v) = 214*v - 2335. Let b be j(11). What is the highest common factor of u and b?
19
Let u = 5539 - 5488. What is the greatest common divisor of 192 and u?
3
Let t(u) = 87*u**3 - u + 1. Let w be t(1). Let x be (-4 + -5 - -4) + -7. Let b be (-3)/((4/(-232))/((-2)/x)). Calculate the highest common divisor of w and b.
29
Let i be 26199/12 - (-109)/(-436). Calculate the highest common factor of 185 and i.
37
Let s = -387 + 529. Let i be (-1*s)/((-90)/(-10) - 10). Calculate the highest common factor of i and 639.
71
Let p be ((-1)/4*2)/(16/(-1664)). Suppose -4*c + 60 = -3*t - p, c - 28 = 3*t. Let v(i) = -56*i. Let k be v(-1). Calculate the greatest common factor of k and c.
28
Suppose 0*j + 5*j = a - 12, -2*j = 5*a - 6. Suppose -a*z + 24 = -4*n, 3*z - 5*n = 22 + 10. Calculate the greatest common factor of 74 and z.
2
Let h(t) = 3*t**2 + 180*t + 237. Let d be h(-59). Calculate the highest common factor of 15780 and d.
60
Let d be 13137/1057 - 3/7. What is the highest common divisor of 2316 and d?
12
Let p = -75 - -153. Let r = 130 + 9. Suppose -22 = 3*t - r. What is the highest common divisor of p and t?
39
Let n(a) = 9*a + 53. Let d(b) = b. Let m(k) = 2*d(k) + n(k). Let t be m(-5). Let j be t/4 + 56/16. Calculate the greatest common divisor of 69 and j.
3
Suppose 5*i - 29 - 116 = 0. Suppose 122*l - 71630 = 11*l + 16*l. Calculate the greatest common divisor of l and i.
29
Suppose -47*o + 47676 = -30789 - 78797. What is the greatest common factor of o and 28?
14
Let t(d) = 4*d**2 - 3*d - 8. Let a be t(4). Let l = -32 + a. Let g be (-3)/l + 904/32. Calculate the highest common divisor of g and 4.
4
Let k be (1/(-2))/((-16)/896). Let u = 96 - -156. What is the greatest common divisor of u and k?
28
Let a be 327 - (-6 - (-20 + 23)). Calculate the highest common factor of a and 3556.
28
Let x = 8932 - -1868. Calculate the highest common factor of x and 48.
48
Suppose 0 = 772*v - 775*v + 4752. What is the greatest common factor of 24 and v?
24
Suppose 3*b - m - 66 = 0, -4*b = -3*b - 2*m - 27. Let y be 1 + 20/4*b/35. What is the highest common factor of 196 and y?
4
Suppose -56 = -3*u - 38. Let c be 16/u*(-9 + 6)*-1. Calculate the greatest common factor of c and 8.
8
Let s(w) = 107*w + 2475. Let v be s(-23). Calculate the highest common divisor of 158 and v.
2
Let p(d) = 2*d**2 - 15*d + 24. Let u be p(6). Suppose -u*b - 4050 = -31*b. Calculate the greatest common factor of 6 and b.
6
Suppose -x - 14*i = -19*i - 433, -2*x + i = -821. What is the highest common factor of x and 357?
51
Suppose -4 = g, 5*v + 154 = -4*g - 377. Let f = v - -103. Suppose -5*p - 5 + 65 = f. What is the highest common factor of 36 and p?
12
Let w(x) = -46*x**2 - x - 3. Let z be w(-3). Let t be (-33)/((z/(-102) + -4)*-1). What is the greatest common divisor of 33 and t?
33
Suppose 0 = -97*h + 100*h + 3*q - 456, 2*q = -4*h + 616. What is the greatest common factor of 68 and h?
4
Suppose 165*a + 600 = 170*a. Let c be 1/((10/335)/2). Let z = c + -19. What is the greatest common divisor of a and z?
24
Suppose 4*g + 20 = 3*o - 16, 4*g + 12 = 0. Let c be (2 - 0) + (351 - o). What is the greatest common divisor of c and 15?
15
Let j(r) = 0*r - 7*r - 4*r + 1 - 4*r. Let k be j(-3). Suppose 10*f - 11*f = -2*o - 18, -f + 42 = -5*o. Calculate the greatest common factor of k and f.
2
Suppose -5*t + 2*h = -6, -7 + 19 = -4*h. Suppose -5*k + 891 = -4*a, -2*k + 3*k + 2*a - 167 = t. Calculate the highest common factor of k and 70.
35
Suppose -25308 = 16*w - 52*w. Calculate the greatest common divisor of 190 and w.
19
Let x be 5/10*(-366)/(-3). Suppose 2*z = 123 + x. Let d = -34 - -57. What is the highest common factor of z and d?
23
Suppose 6398 - 1492 = 67*b - 4742. What is the highest common divisor of 1854 and b?
18
Let o be (-440)/(-33) + (-4)/(-6). Let l(f) = -30 - 4*f - 4*f + 9*f + 2*f. Let p be l(o). What is the greatest common factor of p and 24?
12
Let a be (-8)/2 + 6 + 102. Let m = 31 - a. Let o = -50 - m. What is the highest common divisor of 184 and o?
23
Let t be 15475/100 + (-6)/(-9)*(-30)/(-16). What is the greatest common divisor of t and 1508?
52
Let i = 385 + 969. Suppose 0 = -u + 5*f + 1445, 2*u = f + i + 1527. Suppose u = -11*r + 20*r. What is the highest common factor of r and 16?
16
Suppose -187 = -3*t - 5*u, -4*t + 3*t + 5*u = -29. Let z = 321 - 303. Calculate the highest common factor of t and z.
18
Let f(b) = -24*b + 9. Let w be f(-8). Let l = -124466 - -124801. What is the highest common factor of w and l?
67
Suppose 4*k - 5 = -3*y + 3*k, y + 3 = -5*k. Let a be (y*63)/((-30)/(-40)). Calculate the greatest common factor of 21 and a.
21
Let r(a) = 24*a + 241. Let w(v) = -51*v - 482. Let g(t) = 13*r(t) + 6*w(t). Let n be g(-4). Calculate the greatest common factor of 7 and n.
7
Let p = 11435 + -11397. Let i(v) = 324*v - 1. Let g be i(1). What is the greatest common divisor of g and p?
19
Let c = -1 + 3. Let b be (c/5)/((-3)/(-135)). Suppose 24*a - 3164 + 140 = 0. What is the highest common divisor of b and a?
18
Let u(y) = -6*y - 30. Let g be u(-12). Let t = 113 - 32. Let z be (-56)/(-9) + (-18)/t. Calculate the greatest common divisor of g and z.
6
Suppose -2979 + 5994 = -15*s + 3120. Let j be 2 + -46*-2*1. Suppose -3*z + 74 + j = 0. What is the grea